{"id":24387,"date":"2020-01-26T16:00:25","date_gmt":"2020-01-26T15:00:25","guid":{"rendered":"http:\/\/www.balladine.cz\/?page_id=24387"},"modified":"2020-01-26T16:00:25","modified_gmt":"2020-01-26T15:00:25","slug":"letni-program-2019","status":"publish","type":"page","link":"https:\/\/new.balladine.cz\/index.php\/letni-program-2019\/","title":{"rendered":"P\u0158\u00cdM\u011aSTSK\u00c9 T\u00c1BORY 2026"},"content":{"rendered":"<p style=\"text-align: center;\">&nbsp;<\/p>\n<div class=\"wpb_text_column wpb_content_element \">\n<div class=\"wpb_wrapper\">\n<h3 style=\"text-align: center;\"><span style=\"color: #000000;\"><strong>TANE\u010cN\u00cd P\u0158\u00cdM\u011aSTSK\u00c9 T\u00c1BORY&nbsp;<\/strong><\/span><\/h3>\n<p style=\"text-align: center;\">Po\u0159\u00e1d\u00e1me t\u0159i letn\u00ed p\u0159\u00edm\u011bstsk\u00e9 t\u00e1bory pro d\u011bti od 4 do 10 (12)let.<\/p>\n<p style=\"text-align: center;\">Term\u00edny:<br class=\"html-br\"><span class=\"html-span xexx8yu x4uap5 x18d9i69 xkhd6sd x1hl2dhg x16tdsg8 x1vvkbs x3nfvp2 x1j61x8r x1fcty0u xdj266r xat24cr xgzva0m xhhsvwb xxymvpz xlup9mm x1kky2od\"><img loading=\"lazy\" decoding=\"async\" class=\"xz74otr x168nmei x13lgxp2 x5pf9jr xo71vjh\" src=\"https:\/\/static.xx.fbcdn.net\/images\/emoji.php\/v9\/tb\/2\/16\/1f499.png\" alt=\"\ud83d\udc99\" width=\"16\" height=\"16\"><\/span><strong>&nbsp;13.7.-17.7. 2026 2026 Letn\u00ed tane\u010dn\u00ed p\u0159\u00edm\u011bstsk\u00fd t\u00e1bor I.&nbsp;<\/strong><span style=\"color: #99cc00;\">volno<\/span><br class=\"html-br\"><strong><span class=\"html-span xexx8yu x4uap5 x18d9i69 xkhd6sd x1hl2dhg x16tdsg8 x1vvkbs x3nfvp2 x1j61x8r x1fcty0u xdj266r xat24cr xgzva0m xhhsvwb xxymvpz xlup9mm x1kky2od\"><img loading=\"lazy\" decoding=\"async\" class=\"xz74otr x168nmei x13lgxp2 x5pf9jr xo71vjh\" src=\"https:\/\/static.xx.fbcdn.net\/images\/emoji.php\/v9\/tb\/2\/16\/1f499.png\" alt=\"\ud83d\udc99\" width=\"16\" height=\"16\"><\/span> 17.8.-21.8. 2026 2026 Letn\u00ed tane\u010dn\u00ed p\u0159\u00edm\u011bstsk\u00fd t\u00e1bor II.&nbsp;<\/strong><span style=\"color: #99cc00;\">volno<\/span><br class=\"html-br\"><strong><span class=\"html-span xexx8yu x4uap5 x18d9i69 xkhd6sd x1hl2dhg x16tdsg8 x1vvkbs x3nfvp2 x1j61x8r x1fcty0u xdj266r xat24cr xgzva0m xhhsvwb xxymvpz xlup9mm x1kky2od\"><img loading=\"lazy\" decoding=\"async\" class=\"xz74otr x168nmei x13lgxp2 x5pf9jr xo71vjh\" src=\"https:\/\/static.xx.fbcdn.net\/images\/emoji.php\/v9\/tb\/2\/16\/1f499.png\" alt=\"\ud83d\udc99\" width=\"16\" height=\"16\"><\/span> novinka: 2026 Letn\u00ed sportovn\u00ed p\u0159\u00edm\u011bstsk\u00fd t\u00e1bor &nbsp;<\/strong><span style=\"color: #99cc00;\">volno<\/span><br class=\"html-br\">v\u017edy od 8:30 do 16:30 hodin na adrese Dvo\u0159\u00e1kova 13.<br class=\"html-br\"><br class=\"html-br\">D\u011bti se mohou t\u011b\u0161it na:<br class=\"html-br\">&#8211; dv\u011b tane\u010dn\u00ed\/ sportovn\u00ed lekce a pobyt venku ka\u017ed\u00fd den<br class=\"html-br\">&#8211; z\u00e1klady baletu, rytmiky, gymnastiky a p\u0159\u00edprava z\u00e1v\u011bre\u010dn\u00e9 t\u00e1borov\u00e9 choreografie<\/p>\n<p style=\"text-align: center;\">&#8211; sportovn\u00ed z\u00e1klady, &nbsp;m\u00ed\u010dov\u00e9 hry, atletika, gymnastika a p\u0159\u00edprava z\u00e1v\u011bre\u010dn\u00e9 t\u00e1borov\u00e9ho vystoupen\u00ed<\/p>\n<p style=\"text-align: center;\">&#8211; v\u00fdtvarn\u00e9 a rukod\u011bln\u00e9 \u010dinnosti, recitace<br class=\"html-br\">&#8211; jeden celodenn\u00ed v\u00fdlet (pravd\u011bpodobn\u011b ve st\u0159edu)<br class=\"html-br\">&#8211; poledn\u00ed odpo\u010dinek, ob\u011bdy, sva\u010dinky a pitn\u00fd re\u017eim<br class=\"html-br\">&#8211; z\u00e1v\u011bre\u010dn\u00e9 vystoupen\u00ed pro rodi\u010de v p\u00e1tek od 15:30<br class=\"html-br\"><br class=\"html-br\"><b>REZERVACE ZDE:&nbsp;<a href=\"https:\/\/balladine.isportsystem.cz\">https:\/\/balladine.isportsystem.cz<\/a><\/b><\/p>\n<p>&nbsp;<\/p>\n<\/div>\n<\/div>\n<div class=\"vc_empty_space\">&nbsp;<\/div>\n<p>&nbsp;<\/p>\n<div class=\"wpb_text_column wpb_content_element \">\n<div class=\"wpb_wrapper\">\n<p>&nbsp;<\/p>\n<p>&nbsp; &nbsp; &nbsp; &nbsp; &nbsp; &nbsp;&nbsp; &nbsp; &nbsp; &nbsp; &nbsp; &nbsp; &nbsp; &nbsp; &nbsp; &nbsp; &nbsp; &nbsp; &nbsp; &nbsp; &nbsp; &nbsp; &nbsp; &nbsp;<\/p>\n<\/div>\n<\/div>\n","protected":false},"excerpt":{"rendered":"<p>&nbsp; TANE\u010cN\u00cd P\u0158\u00cdM\u011aSTSK\u00c9 T\u00c1BORY&nbsp; Po\u0159\u00e1d\u00e1me t\u0159i letn\u00ed p\u0159\u00edm\u011bstsk\u00e9 t\u00e1bory pro d\u011bti od 4 do 10 (12)let. Term\u00edny:&nbsp;13.7.-17.7. 2026 2026 Letn\u00ed tane\u010dn\u00ed p\u0159\u00edm\u011bstsk\u00fd t\u00e1bor I.&nbsp;volno 17.8.-21.8. 2026 2026 Letn\u00ed tane\u010dn\u00ed p\u0159\u00edm\u011bstsk\u00fd t\u00e1bor II.&nbsp;volno novinka: 2026 Letn\u00ed sportovn\u00ed p\u0159\u00edm\u011bstsk\u00fd t\u00e1bor &nbsp;volnov\u017edy od 8:30 do 16:30 hodin na adrese Dvo\u0159\u00e1kova 13.D\u011bti se mohou t\u011b\u0161it na:&#8211; dv\u011b tane\u010dn\u00ed\/ sportovn\u00ed [&hellip;]<\/p>\n","protected":false},"author":1,"featured_media":0,"parent":0,"menu_order":0,"comment_status":"closed","ping_status":"closed","template":"","meta":{"_et_pb_use_builder":"","_et_pb_old_content":"","_et_gb_content_width":"","footnotes":""},"class_list":["post-24387","page","type-page","status-publish","hentry"],"_links":{"self":[{"href":"https:\/\/new.balladine.cz\/index.php\/wp-json\/wp\/v2\/pages\/24387","targetHints":{"allow":["GET"]}}],"collection":[{"href":"https:\/\/new.balladine.cz\/index.php\/wp-json\/wp\/v2\/pages"}],"about":[{"href":"https:\/\/new.balladine.cz\/index.php\/wp-json\/wp\/v2\/types\/page"}],"author":[{"embeddable":true,"href":"https:\/\/new.balladine.cz\/index.php\/wp-json\/wp\/v2\/users\/1"}],"replies":[{"embeddable":true,"href":"https:\/\/new.balladine.cz\/index.php\/wp-json\/wp\/v2\/comments?post=24387"}],"version-history":[{"count":0,"href":"https:\/\/new.balladine.cz\/index.php\/wp-json\/wp\/v2\/pages\/24387\/revisions"}],"wp:attachment":[{"href":"https:\/\/new.balladine.cz\/index.php\/wp-json\/wp\/v2\/media?parent=24387"}],"curies":[{"name":"wp","href":"https:\/\/api.w.org\/{rel}","templated":true}]}}