{"id":23317,"date":"2017-09-04T11:00:00","date_gmt":"2017-09-04T10:00:00","guid":{"rendered":"http:\/\/www.balladine.cz\/?page_id=23317"},"modified":"2017-09-04T11:00:00","modified_gmt":"2017-09-04T10:00:00","slug":"balet-pro-deti","status":"publish","type":"page","link":"https:\/\/new.balladine.cz\/index.php\/balet-pro-deti\/","title":{"rendered":"P\u0158EHLED KURZ\u016e PRO D\u011aTI"},"content":{"rendered":"<p>[vc_row row_type=&#8221;row&#8221; use_row_as_full_screen_section=&#8221;no&#8221; type=&#8221;full_width&#8221; text_align=&#8221;left&#8221; background_animation=&#8221;none&#8221; css_animation=&#8221;&#8221;][vc_column][vc_empty_space height=&#8221;30px&#8221;][vc_text_separator title=&#8221;BALET PRO D\u011aTI&#8221;][vc_empty_space height=&#8221;50px&#8221;][vc_column_text]<\/p>\n<p style=\"text-align: center;\"><span style=\"color: #808080;\">Kurzy jsou koncipov\u00e1n jako <strong>tane\u010dn\u00ed pr\u016fprava<\/strong>, kde si d\u011bti osvoj\u00ed <strong>z\u00e1klady tane\u010dn\u00ed techniky<\/strong>. V\u00fduka prob\u00edh\u00e1 z\u00e1bavnou formou s d\u016frazem na rozv\u00edjen\u00ed d\u011btsk\u00e9 motoriky, spr\u00e1vn\u00e9ho dr\u017een\u00ed t\u011bla a vn\u00edm\u00e1n\u00ed rytmu.&nbsp; Nem\u00e9n\u011b d\u016fle\u017eit\u00fd je tak\u00e9 rozvoj schopnosti pr\u00e1ce v kolektivu a discipl\u00edny s ohledem na v\u011bk a dispozice d\u011bt\u00ed. Sna\u017e\u00edme se <strong>ct\u00edt osobnosti<\/strong> na\u0161ich d\u011bt\u00ed a p\u0159istupovat k nim <strong>individu\u00e1ln\u011b<\/strong>, ale u\u010d\u00edme je tak\u00e9 <strong>ohleduplnosti<\/strong> k ostatn\u00edm. Metodika v\u00fduky vych\u00e1z\u00ed z klasick\u00fdch baletn\u00edch \u0161kol (rusk\u00e9, francouzsk\u00e9) a tak\u00e9 ze z\u00e1kladn\u00ed my\u0161lenky na\u0161\u00ed \u0161koly: d\u016fle\u017eit\u011bj\u0161\u00ed ne\u017e vrcholov\u00fd v\u00fdkon je <strong>radost z pohybu<\/strong> a <strong>nen\u00e1siln\u00e9 u\u010den\u00ed<\/strong> pln\u00e9 her a <strong>pozitivn\u00ed motivace<\/strong>.&nbsp;&nbsp;<\/span><\/p>\n<p><span style=\"color: #808080;\">[\/vc_column_text][vc_empty_space height=&#8221;30px&#8221;][vc_column_text]<\/span><\/p>\n<h3 style=\"text-align: center;\"><span style=\"color: #808080;\">P\u0159ij\u00edm\u00e1me d\u011bti v\u0161ech pokro\u010dilost\u00ed od 2,5 let. <\/span><\/h3>\n<p style=\"text-align: center;\"><span style=\"color: #808080;\">[vc_empty_space height=&#8221;10px&#8221;][vc_column_text]<\/span><\/p>\n<p style=\"text-align: center;\"><span style=\"color: #808080;\">D\u011bti jsou rozd\u011bleny do skupin dle v\u011bku a individu\u00e1ln\u00ed pokro\u010dilosti. N\u00e1ro\u010dnost lekc\u00ed je p\u0159izp\u016fsobena fyzick\u00fdm mo\u017enostem d\u011bt\u00ed. Lekce pro nejmen\u0161\u00ed trvaj\u00ed 50 min, lekce pro d\u011bti star\u0161\u00ed 6 let pak 55 min.<\/span><\/p>\n<p><span style=\"color: #808080;\">[\/vc_column_text][vc_empty_space height=&#8221;20px&#8221;][vc_empty_space height=&#8221;10px&#8221;][vc_column_text]<\/span><\/p>\n<p><span style=\"color: #808080;\">[vc_empty_space height=&#8221;10px&#8221;][vc_column_text<\/span><\/p>\n<p><span style=\"color: #808080;\">[\/vc_column_text][vc_empty_space height=&#8221;10px&#8221;][vc_column_text]&nbsp;<\/span><\/p>\n<div style=\"text-align: center;\">\n<h3 style=\"text-align: center;\"><strong><span style=\"color: #808080;\">\/\/ KURZY pro \u0161koln\u00ed rok 2025\/2026 \/\/<\/span><\/strong><\/h3>\n<\/div>\n<div style=\"text-align: center;\"><span style=\"color: #808080;\"><strong>Mini balet 2,5-4 roky&nbsp;<\/strong>&nbsp;\/\/ v\u0161echny pokro\u010dilosti<\/span><\/div>\n<div style=\"text-align: center;\"><span style=\"color: #808080;\"><strong>Balet mlad\u0161\u00ed d\u011bti 5-7 let<\/strong>&nbsp;\/\/ v\u0161echny pokro\u010dilosti<\/span><\/div>\n<div style=\"text-align: center;\"><span style=\"color: #808080;\"><strong>Balet star\u0161\u00ed d\u011bti 8+<\/strong>&nbsp;\/\/ pro pokro\u010dilej\u0161\u00ed&nbsp;<\/span><\/div>\n<div style=\"text-align: center;\"><strong>Broadway dance mlad\u0161\u00ed d\u011bti 10+ let<\/strong> \/\/ v\u0161echny pokro\u010dilosti<\/div>\n<div style=\"text-align: center;\">\u0147U\u0147U dance 3 m\u011bs\u00edce + \/\/ openclass<\/div>\n<p>[\/vc_column_text][vc_empty_space height=&#8221;30px&#8221;][vc_column_text]<\/p>\n<h4 style=\"text-align: center;\"><span style=\"font-size: revert;\">&nbsp;[\/vc_column_text][\/vc_column][\/vc_row][vc_row row_type=&#8221;row&#8221; use_row_as_full_screen_section=&#8221;no&#8221; type=&#8221;full_width&#8221; text_align=&#8221;left&#8221; background_animation=&#8221;none&#8221; css_animation=&#8221;&#8221;][vc_column width=&#8221;1\/4&#8243;][vc_single_image image=&#8221;24738&#8243; img_size=&#8221;large&#8221; qode_css_animation=&#8221;&#8221;][\/vc_column][vc_column width=&#8221;1\/4&#8243;][vc_single_image image=&#8221;24737&#8243; img_size=&#8221;full&#8221; qode_css_animation=&#8221;&#8221;][\/vc_column][vc_column width=&#8221;1\/4&#8243;][vc_single_image image=&#8221;24254&#8243; img_size=&#8221;large&#8221; qode_css_animation=&#8221;&#8221;][\/vc_column][vc_column width=&#8221;1\/4&#8243;][vc_single_image image=&#8221;24255&#8243; img_size=&#8221;large&#8221; qode_css_animation=&#8221;&#8221;][\/vc_column][\/vc_row][vc_row row_type=&#8221;row&#8221; use_row_as_full_screen_section=&#8221;no&#8221; type=&#8221;full_width&#8221; text_align=&#8221;left&#8221; background_animation=&#8221;none&#8221; css_animation=&#8221;&#8221;][vc_column][vc_column_text][\/vc_column_text][\/vc_column][\/vc_row]<\/span><\/h4>\n","protected":false},"excerpt":{"rendered":"<p>[vc_row row_type=&#8221;row&#8221; use_row_as_full_screen_section=&#8221;no&#8221; type=&#8221;full_width&#8221; text_align=&#8221;left&#8221; background_animation=&#8221;none&#8221; css_animation=&#8221;&#8221;][vc_column][vc_empty_space height=&#8221;30px&#8221;][vc_text_separator title=&#8221;BALET PRO D\u011aTI&#8221;][vc_empty_space height=&#8221;50px&#8221;][vc_column_text] Kurzy jsou koncipov\u00e1n jako tane\u010dn\u00ed pr\u016fprava, kde si d\u011bti osvoj\u00ed z\u00e1klady tane\u010dn\u00ed techniky. V\u00fduka prob\u00edh\u00e1 z\u00e1bavnou formou s d\u016frazem na rozv\u00edjen\u00ed d\u011btsk\u00e9 motoriky, spr\u00e1vn\u00e9ho dr\u017een\u00ed t\u011bla a vn\u00edm\u00e1n\u00ed rytmu.&nbsp; Nem\u00e9n\u011b d\u016fle\u017eit\u00fd je tak\u00e9 rozvoj schopnosti pr\u00e1ce v kolektivu a discipl\u00edny s ohledem na [&hellip;]<\/p>\n","protected":false},"author":1,"featured_media":0,"parent":0,"menu_order":0,"comment_status":"closed","ping_status":"closed","template":"","meta":{"_et_pb_use_builder":"","_et_pb_old_content":"","_et_gb_content_width":"","footnotes":""},"class_list":["post-23317","page","type-page","status-publish","hentry"],"_links":{"self":[{"href":"https:\/\/new.balladine.cz\/index.php\/wp-json\/wp\/v2\/pages\/23317","targetHints":{"allow":["GET"]}}],"collection":[{"href":"https:\/\/new.balladine.cz\/index.php\/wp-json\/wp\/v2\/pages"}],"about":[{"href":"https:\/\/new.balladine.cz\/index.php\/wp-json\/wp\/v2\/types\/page"}],"author":[{"embeddable":true,"href":"https:\/\/new.balladine.cz\/index.php\/wp-json\/wp\/v2\/users\/1"}],"replies":[{"embeddable":true,"href":"https:\/\/new.balladine.cz\/index.php\/wp-json\/wp\/v2\/comments?post=23317"}],"version-history":[{"count":0,"href":"https:\/\/new.balladine.cz\/index.php\/wp-json\/wp\/v2\/pages\/23317\/revisions"}],"wp:attachment":[{"href":"https:\/\/new.balladine.cz\/index.php\/wp-json\/wp\/v2\/media?parent=23317"}],"curies":[{"name":"wp","href":"https:\/\/api.w.org\/{rel}","templated":true}]}}