{"id":23179,"date":"2017-08-04T13:50:49","date_gmt":"2017-08-04T12:50:49","guid":{"rendered":"http:\/\/www.balladine.cz\/?page_id=23179"},"modified":"2017-08-04T13:50:49","modified_gmt":"2017-08-04T12:50:49","slug":"kestazeni","status":"publish","type":"page","link":"https:\/\/new.balladine.cz\/index.php\/o-nas\/kestazeni\/","title":{"rendered":"KE STA\u017dEN\u00cd"},"content":{"rendered":"<div class=\"body\" lang=\"cs\">\n<p>&nbsp;<\/p>\n<p><strong>Semestr 2020\/2021<\/strong><\/p>\n<p>.doc&nbsp;<a href=\"http:\/\/www.balladine.cz\/wp-content\/uploads\/2017\/08\/P\u0158IHL\u00c1\u0160KA-DOSP\u011aL\u00cd.docx\">P\u0158IHL\u00c1\u0160KA-DOSP\u011aL\u00cd<\/a><\/p>\n<p>.doc&nbsp;<a href=\"http:\/\/www.balladine.cz\/wp-content\/uploads\/2017\/08\/P\u0158IHL\u00c1\u0160KA-D\u011aTI.docx\">P\u0158IHL\u00c1\u0160KA-D\u011aTI<\/a><\/p>\n<p>.doc&nbsp;<a href=\"http:\/\/www.balladine.cz\/wp-content\/uploads\/2017\/08\/application-eng-1.docx\">application-eng<\/a><\/p>\n<p><strong>.<\/strong><\/p>\n<p><strong>Semestr 2019\/2020<\/strong><\/p>\n<p>.doc&nbsp;<a href=\"http:\/\/www.balladine.cz\/wp-content\/uploads\/2017\/08\/P\u0158IHL\u00c1\u0160KA-DOSP\u011aL\u00cd-ZS1920.docx\">P\u0158IHL\u00c1\u0160KA-DOSP\u011aL\u00cd-ZS1920<\/a><\/p>\n<p>.doc&nbsp;<a href=\"http:\/\/www.balladine.cz\/wp-content\/uploads\/2017\/08\/P\u0158IHL\u00c1\u0160KA-D\u011aTI-ZS1920.docx\">P\u0158IHL\u00c1\u0160KA-D\u011aTI-ZS1920<\/a><\/p>\n<p>.doc&nbsp;<a href=\"http:\/\/www.balladine.cz\/wp-content\/uploads\/2017\/08\/application-eng-1.docx\">application-eng<\/a><\/p>\n<p>.<\/p>\n<p><strong>Semestr 2018\/2019<\/strong><\/p>\n<p>pdf <a href=\"http:\/\/www.balladine.cz\/wp-content\/uploads\/2018\/09\/informace-o-zpracovani-osobnich-udaju.pdf\">zpracov\u00e1n\u00ed osobn\u00edch \u016fdaj\u016f \/ GDPR \/ cz-eng<\/a><\/p>\n<p>.jpeg <a href=\"http:\/\/www.balladine.cz\/wp-content\/uploads\/2018\/08\/POSTER_A3-final-rgb-maly.jpg\">plak\u00e1t&nbsp;<\/a><\/p>\n<p>.doc&nbsp;<a href=\"http:\/\/www.balladine.cz\/wp-content\/uploads\/2018\/09\/TZ-zimn\u00ed-semestr.doc\">TZ v\u00edc&nbsp;ne\u017e jen tanec<\/a><\/p>\n<p>.<\/p>\n<p><strong>BALLADINE se st\u011bhuje a bude m\u00edt sest\u0159i\u010dku &#8211; rodinnou kav\u00e1rnu ATTITUDE<\/strong><\/p>\n<p>.doc&nbsp;<a href=\"http:\/\/www.balladine.cz\/wp-content\/uploads\/2017\/08\/TZ-stehovani.doc\">TZ stehovani<\/a><\/p>\n<p>.pdf&nbsp;<a href=\"http:\/\/www.balladine.cz\/wp-content\/uploads\/2017\/08\/TZ-stehovani.pdf\">TZ stehovani<\/a><\/p>\n<p>.logo <a href=\"http:\/\/www.balladine.cz\/wp-content\/uploads\/2018\/05\/BALLADINE-FB_BLUE-LOGO.png\">BALLADINE<\/a><\/p>\n<p>.logo <a href=\"http:\/\/www.balladine.cz\/wp-content\/uploads\/2018\/05\/ATTITUDE-FB_MINT-LOGO.png\">ATTITUDE<\/a><\/p>\n<p>.<\/p>\n<p><strong>Balladine se t\u011b\u0161\u00ed na letn\u00ed semestr pln\u00fd tance a z\u00e1bavy!<\/strong><\/p>\n<p>.pdf <a href=\"http:\/\/www.balladine.cz\/wp-content\/uploads\/2018\/02\/TZ-letn\u00ed-semestr.pdf\">TZ-balladine-letnisemestr<\/a><\/p>\n<p>.doc <a href=\"http:\/\/www.balladine.cz\/wp-content\/uploads\/2018\/02\/TZ-letn\u00ed-semestr.doc\">TZ-balladine-letnisemestr<\/a><\/p>\n<p>.foto.rar&nbsp;<a href=\"https:\/\/www.ulozto.cz\/!AkDCRyzFRYRD\/ballafoto1718-rar\">zde<\/a><\/p>\n<p>.<\/p>\n<p>.pdf <a href=\"http:\/\/www.balladine.cz\/wp-content\/uploads\/2018\/01\/jelic-poster.pdf\">plak\u00e1t workshop Ivona Jeli\u010dov\u00e1<\/a><\/p>\n<p>.<\/p>\n<p><strong>Balladine v listopadu nejen tan\u010d\u00ed!<\/strong><\/p>\n<p>.pdf&nbsp;<a href=\"http:\/\/www.balladine.cz\/wp-content\/uploads\/2017\/08\/TZ-balladine-listopad-1.pdf\">TZ-balladine-listopad<\/a><\/p>\n<p>.doc&nbsp;<a href=\"http:\/\/www.balladine.cz\/wp-content\/uploads\/2017\/08\/TZ-balladine-listopad-1.docx\">TZ-balladine-listopad<\/a><\/p>\n<p>.foto:&nbsp;<a href=\"https:\/\/www.facebook.com\/pg\/balladinedance\/photos\/?tab=album&amp;album_id=1467723999968000\">workshop se Sabinou Bo\u010dkovou &#8211; duben<\/a><\/p>\n<p>.plak\u00e1t <a href=\"http:\/\/www.balladine.cz\/wp-content\/uploads\/2017\/11\/RBB2.jpg\">Moonlight shopping<\/a><\/p>\n<p>.<\/p>\n<\/div>\n<div class=\"body\" lang=\"cs\">\n<p><strong>Zah\u00e1jen\u00ed zimn\u00edho semestru 2017\/2018<\/strong><\/p>\n<p>.pdf&nbsp;<a href=\"http:\/\/www.balladine.cz\/kariera\/tz-balladine-1718\/\" rel=\"attachment wp-att-23375\">TZ balladine 1718<\/a><\/p>\n<p>.doc&nbsp;<a href=\"http:\/\/www.balladine.cz\/kariera\/tz-balladine-1718-2\/\" rel=\"attachment wp-att-23376\">TZ balladine 1718<\/a><\/p>\n<p>.plak\u00e1t&nbsp;<a href=\"http:\/\/www.balladine.cz\/wp-content\/uploads\/2015\/01\/Balladine-plak\u2020t_2.compressed.pdf\">Balladine-poster2.compressed<\/a><\/p>\n<p>.<\/p>\n<p><em><strong>. Ostatn\u00ed:<\/strong><\/em><\/p>\n<p>Provozn\u00ed \u0159\u00e1d <a href=\"http:\/\/www.balladine.cz\/wp-content\/uploads\/2018\/09\/provozni-rad.pdf\">zde<\/a><\/p>\n<p><em><strong>Promo foto&nbsp;<\/strong><\/em><a href=\"https:\/\/ulozto.cz\/!9VyVi57F2ZHd\/tz-balladine-foto-rar\">zde<\/a><\/p>\n<p><em><strong>Portfolio:<\/strong><\/em><\/p>\n<p>.pdf&nbsp;<a href=\"http:\/\/www.balladine.cz\/wp-content\/uploads\/2017\/08\/Tane\u010dn\u00ed-\u0161kola-Balladine-portfolio-2012-2020.pdf\">Tane\u010dn\u00ed \u0161kola Balladine portfolio 2012-2020<\/a><\/p>\n<p><strong><em>Logo:<\/em><\/strong><\/p>\n<p>.png <a href=\"http:\/\/www.balladine.cz\/wp-content\/uploads\/2018\/05\/BALLADINE-FB_BLUE-LOGO.png\">zde<\/a><\/p>\n<p><a href=\"http:\/\/www.balladine.cz\/wp-content\/uploads\/2018\/05\/BALLADINE-FB_BLUE-LOGO.png\"><img loading=\"lazy\" decoding=\"async\" class=\"alignnone size-large wp-image-23783\" src=\"http:\/\/www.balladine.cz\/wp-content\/uploads\/2018\/05\/BALLADINE-FB_BLUE-LOGO-1024x1024.png\" alt=\"\" width=\"1024\" height=\"1024\" srcset=\"https:\/\/new.balladine.cz\/wp-content\/uploads\/2018\/05\/BALLADINE-FB_BLUE-LOGO-1024x1024.png 1024w, https:\/\/new.balladine.cz\/wp-content\/uploads\/2018\/05\/BALLADINE-FB_BLUE-LOGO-300x300.png 300w, https:\/\/new.balladine.cz\/wp-content\/uploads\/2018\/05\/BALLADINE-FB_BLUE-LOGO-150x150.png 150w, https:\/\/new.balladine.cz\/wp-content\/uploads\/2018\/05\/BALLADINE-FB_BLUE-LOGO-768x768.png 768w, https:\/\/new.balladine.cz\/wp-content\/uploads\/2018\/05\/BALLADINE-FB_BLUE-LOGO-980x980.png 980w, https:\/\/new.balladine.cz\/wp-content\/uploads\/2018\/05\/BALLADINE-FB_BLUE-LOGO-480x480.png 480w, https:\/\/new.balladine.cz\/wp-content\/uploads\/2018\/05\/BALLADINE-FB_BLUE-LOGO.png 1064w\" sizes=\"(max-width: 1024px) 100vw, 1024px\" \/><\/a><\/p>\n<\/div>\n","protected":false},"excerpt":{"rendered":"<p>&nbsp; Semestr 2020\/2021 .doc&nbsp;P\u0158IHL\u00c1\u0160KA-DOSP\u011aL\u00cd .doc&nbsp;P\u0158IHL\u00c1\u0160KA-D\u011aTI .doc&nbsp;application-eng . Semestr 2019\/2020 .doc&nbsp;P\u0158IHL\u00c1\u0160KA-DOSP\u011aL\u00cd-ZS1920 .doc&nbsp;P\u0158IHL\u00c1\u0160KA-D\u011aTI-ZS1920 .doc&nbsp;application-eng . Semestr 2018\/2019 pdf zpracov\u00e1n\u00ed osobn\u00edch \u016fdaj\u016f \/ GDPR \/ cz-eng .jpeg plak\u00e1t&nbsp; .doc&nbsp;TZ v\u00edc&nbsp;ne\u017e jen tanec . BALLADINE se st\u011bhuje a bude m\u00edt sest\u0159i\u010dku &#8211; rodinnou kav\u00e1rnu ATTITUDE .doc&nbsp;TZ stehovani .pdf&nbsp;TZ stehovani .logo BALLADINE .logo ATTITUDE . Balladine se t\u011b\u0161\u00ed na letn\u00ed [&hellip;]<\/p>\n","protected":false},"author":1,"featured_media":0,"parent":23238,"menu_order":0,"comment_status":"closed","ping_status":"closed","template":"","meta":{"_et_pb_use_builder":"","_et_pb_old_content":"","_et_gb_content_width":"","footnotes":""},"class_list":["post-23179","page","type-page","status-publish","hentry"],"_links":{"self":[{"href":"https:\/\/new.balladine.cz\/index.php\/wp-json\/wp\/v2\/pages\/23179","targetHints":{"allow":["GET"]}}],"collection":[{"href":"https:\/\/new.balladine.cz\/index.php\/wp-json\/wp\/v2\/pages"}],"about":[{"href":"https:\/\/new.balladine.cz\/index.php\/wp-json\/wp\/v2\/types\/page"}],"author":[{"embeddable":true,"href":"https:\/\/new.balladine.cz\/index.php\/wp-json\/wp\/v2\/users\/1"}],"replies":[{"embeddable":true,"href":"https:\/\/new.balladine.cz\/index.php\/wp-json\/wp\/v2\/comments?post=23179"}],"version-history":[{"count":0,"href":"https:\/\/new.balladine.cz\/index.php\/wp-json\/wp\/v2\/pages\/23179\/revisions"}],"up":[{"embeddable":true,"href":"https:\/\/new.balladine.cz\/index.php\/wp-json\/wp\/v2\/pages\/23238"}],"wp:attachment":[{"href":"https:\/\/new.balladine.cz\/index.php\/wp-json\/wp\/v2\/media?parent=23179"}],"curies":[{"name":"wp","href":"https:\/\/api.w.org\/{rel}","templated":true}]}}